 725283894?
8
What is the millions digit of 751972449?
1
What is the units digit of 2243921738?
8
What is the ten thousands digit of 4520418569?
1
What is the hundred thousands digit of 4097253774?
2
What is the hundreds digit of 120241740?
7
What is the units digit of 826964526?
6
What is the ten thousands digit of 488461914?
6
What is the hundred millions digit of 3820496930?
8
What is the ten millions digit of 256517593?
5
What is the hundred millions digit of 167567915?
1
What is the hundreds digit of 412276603?
6
What is the ten millions digit of 1978463562?
7
What is the ten thousands digit of 5099078?
9
What is the tens digit of 58379678?
7
What is the millions digit of 98829474?
8
What is the ten millions digit of 2335404793?
3
What is the hundreds digit of 150322834?
8
What is the hundred thousands digit of 4772941898?
9
What is the hundred millions digit of 199434079?
1
What is the ten thousands digit of 7316954805?
5
What is the millions digit of 15264300?
5
What is the units digit of 829213278?
8
What is the hundred thousands digit of 517082589?
0
What is the tens digit of 1472410588?
8
What is the thousands digit of 133060241?
0
What is the hundreds digit of 1370888791?
7
What is the units digit of 235242295?
5
What is the hundred thousands digit of 72017696?
0
What is the millions digit of 149985048?
9
What is the units digit of 109151258?
8
What is the units digit of 432510223?
3
What is the millions digit of 69427215?
9
What is the ten millions digit of 188997849?
8
What is the tens digit of 370200134?
3
What is the ten millions digit of 12146393?
1
What is the units digit of 501247637?
7
What is the hundreds digit of 4643368370?
3
What is the millions digit of 1174243778?
4
What is the hundred millions digit of 214712198?
2
What is the thousands digit of 2093467995?
7
What is the thousands digit of 1457007542?
7
What is the millions digit of 115076472?
5
What is the hundreds digit of 449356288?
2
What is the thousands digit of 859027968?
7
What is the ten thousands digit of 2128529735?
2
What is the millions digit of 921018277?
1
What is the units digit of 5488053092?
2
What is the units digit of 111797177?
7
What is the billions digit of 1541864674?
1
What is the units digit of 2447655913?
3
What is the millions digit of 187917281?
7
What is the ten thousands digit of 1121533813?
3
What is the millions digit of 11124645?
1
What is the units digit of 293674118?
8
What is the units digit of 83535863?
3
What is the hundred millions digit of 3563836810?
5
What is the thousands digit of 34858483?
8
What is the millions digit of 67607501?
7
What is the thousands digit of 1220213270?
3
What is the units digit of 35626171?
1
What is the units digit of 56936060?
0
What is the hundred thousands digit of 132381853?
3
What is the hundreds digit of 274241562?
5
What is the millions digit of 400606559?
0
What is the tens digit of 694880148?
4
What is the units digit of 5651797824?
4
What is the millions digit of 432514762?
2
What is the ten thousands digit of 573716004?
1
What is the tens digit of 6157945499?
9
What is the tens digit of 79864118?
1
What is the ten millions digit of 97136035?
9
What is the millions digit of 225698517?
5
What is the units digit of 209898183?
3
What is the billions digit of 1170564581?
1
What is the hundred thousands digit of 33517150?
5
What is the thousands digit of 224239763?
9
What is the hundred thousands digit of 852407540?
4
What is the hundred thousands digit of 5246737164?
7
What is the thousands digit of 20756947?
6
What is the units digit of 327827946?
6
What is the tens digit of 193939965?
6
What is the thousands digit of 3226097567?
7
What is the hundred thousands digit of 47084672?
0
What is the hundred millions digit of 605854100?
6
What is the millions digit of 8461294?
8
What is the hundred thousands digit of 36869457?
8
What is the ten millions digit of 520999129?
2
What is the ten thousands digit of 108184162?
8
What is the tens digit of 35383560?
6
What is the hundred thousands digit of 119305374?
3
What is the hundred millions digit of 1777086142?
7
What is the ten millions digit of 91644304?
9
What is the ten thousands digit of 63755726?
5
What is the ten thousands digit of 22458234?
5
What is the hundreds digit of 916936571?
5
What is the ten thousands digit of 942143553?
4
What is the hundred thousands digit of 13970568?
9
What is the thousands digit of 224315927?
5
What is the thousands digit of 178935231?
5
What is the thousands digit of 16959989?
9
What is the hundreds digit of 84315284?
2
What is the hundred thousands digit of 31163269?
1
What is the millions digit of 519504267?
9
What is the thousands digit of 2396511589?
1
What is the ten thousands digit of 5506700?
0
What is the hundreds digit of 623044764?
7
What is the ten thousands digit of 45713277?
1
What is the ten thousands digit of 61974195?
7
What is the units digit of 173587738?
8
What is the units digit of 37781033?
3
What is the billions digit of 1969990272?
1
What is the ten millions digit of 14695039?
1
What is the millions digit of 558501578?
8
What is the units digit of 31434325?
5
What is the ten thousands digit of 49174490?
7
What is the thousands digit of 38414827?
4
What is the hundred millions digit of 480653624?
4
What is the units digit of 342008960?
0
What is the ten millions digit of 770414788?
7
What is the ten millions digit of 2712912008?
1
What is the hundred millions digit of 149100081?
1
What is the billions digit of 6275361868?
6
What is the ten millions digit of 401808303?
0
What is the hundred millions digit of 1563728981?
5
What is the tens digit of 27085881?
8
What is the ten millions digit of 74053098?
7
What is the thousands digit of 41267080?
7
What is the thousands digit of 1703499?
3
What is the ten thousands digit of 213547385?
4
What is the millions digit of 18648629?
8
What is the tens digit of 749425306?
0
What is the millions digit of 1900968518?
0
What is the tens digit of 1609394284?
8
What is the thousands digit of 851188784?
8
What is the ten thousands digit of 1287236463?
3
What is the hundreds digit of 568755032?
0
What is the ten millions digit of 2152409764?
5
What is the ten thousands digit of 103797269?
9
What is the tens digit of 44306892?
9
What is the hundred thousands digit of 27376283?
3
What is the ten thousands digit of 265223488?
2
What is the tens digit of 303847160?
6
What is the units digit of 10677747?
7
What is the ten millions digit of 60685496?
6
What is the millions digit of 209110581?
9
What is the tens digit of 1617745263?
6
What is the tens digit of 80265584?
8
What is the units digit of 289602534?
4
What is the tens digit of 1570637944?
4
What is the hundreds digit of 3230279?
2
What is the hundred thousands digit of 543626034?
6
What is the millions digit of 2724168040?
4
What is the millions digit of 3140073210?
0
What is the hundred thousands digit of 42036170?
0
What is the thousands digit of 1352837526?
7
What is the hundred millions digit of 291872785?
2
What is the units digit of 2797634531?
1
What is the tens digit of 1759008808?
0
What is the hundred thousands digit of 834451603?
4
What is the tens digit of 29639472?
7
What is the units digit of 62932515?
5
What is the ten millions digit of 368416675?
6
What is the ten millions digit of 87716766?
8
What is the tens digit of 82160024?
2
What is the billions digit of 1895797719?
1
What is the millions digit of 3572091026?
2
What is the millions digit of 46535090?
6
What is the tens digit of 280052399?
9
What is the units digit of 9717446?
6
What is the ten millions digit of 12700970?
1
What is the ten millions digit of 89328018?
8
What is the hundreds digit of 3561266?
2
What is the thousands digit of 746989484?
9
What is the hundred millions digit of 2904819034?
9
What is the tens digit of 610878997?
9
What is the tens digit of 230969484?
8
What is the hundreds digit of 96182454?
4
What is the millions digit of 5507962370?
7
What is the ten millions digit of 70642931?
7
What is the thousands digit of 214884129?
4
What is the tens digit of 189093172?
7
What is the millions digit of 2578772369?
8
What is the hundred thousands digit of 73546507?
5
What is the ten thousands digit of 30167343?
6
